 584771861 composite?
True
Is 221828639 prime?
False
Is 449468273 prime?
True
Is 485167847 a composite number?
False
Is 12775463 prime?
True
Is 257654171 a prime number?
False
Is 1813657211 prime?
False
Is 607549381 a composite number?
False
Is 81632333621 composite?
True
Is 110552215 composite?
True
Is 38991901739 a prime number?
False
Is 471696521 composite?
True
Is 1481533667 composite?
False
Is 13345604761 a composite number?
True
Is 11531843839 composite?
True
Is 46277446477 a composite number?
False
Is 2682841481 a composite number?
False
Is 6853279 prime?
True
Is 454159513 composite?
False
Is 194690627 a prime number?
False
Is 1118092247 prime?
False
Is 28222461299 prime?
False
Is 32919539503 composite?
False
Is 28632168839 a composite number?
False
Is 557225290079 a prime number?
True
Is 1226601199 composite?
True
Is 1892703403 a prime number?
True
Is 3512277941 a prime number?
True
Is 2464824737 composite?
False
Is 216829231 composite?
True
Is 3563187713 a composite number?
True
Is 92677177 a composite number?
True
Is 101178648101 a prime number?
False
Is 9169017139 a prime number?
True
Is 236539727 a composite number?
False
Is 11295393013 prime?
True
Is 1546245539 a prime number?
True
Is 1794693211 composite?
True
Is 6755478029 composite?
False
Is 1393020731 a prime number?
True
Is 8099182793 a composite number?
True
Is 4027552939 a composite number?
True
Is 22581578797 prime?
True
Is 123708464923 a prime number?
True
Is 3428144131 a composite number?
False
Is 6587135803 a composite number?
True
Is 4027749311 prime?
True
Is 352507919 a composite number?
True
Is 36806603 prime?
True
Is 40825465606 composite?
True
Is 133380598891 a prime number?
False
Is 2862986795 a composite number?
True
Is 215752469 prime?
True
Is 5423158271 a composite number?
False
Is 2042297359 a prime number?
False
Is 23884081997 prime?
True
Is 9064968223 a composite number?
False
Is 187352052961 a composite number?
False
Is 39292745939 a prime number?
True
Is 3190873535 prime?
False
Is 53642447297 a composite number?
False
Is 25467004639 composite?
True
Is 274351811 prime?
False
Is 347491091 a prime number?
True
Is 534585647 prime?
False
Is 11428787957 a composite number?
True
Is 951107189 a composite number?
False
Is 686297581 a composite number?
False
Is 11606821277 prime?
False
Is 3989934301 prime?
True
Is 23465810689 composite?
True
Is 493285229 a prime number?
True
Is 12377733397 a composite number?
True
Is 1231849579 composite?
True
Is 19406995607 composite?
False
Is 229452412867 prime?
True
Is 2930887 composite?
False
Is 114804818747 prime?
True
Is 630969793 a composite number?
False
Is 163491233 a prime number?
False
Is 183772439 composite?
True
Is 261868223 a composite number?
True
Is 82433957 a composite number?
True
Is 265484035741 a composite number?
True
Is 211692169 prime?
False
Is 4381969573 composite?
False
Is 785424503 a composite number?
True
Is 405014627 composite?
True
Is 7043494709 composite?
False
Is 44299751 a prime number?
True
Is 34255642781 prime?
False
Is 2186267686 a composite number?
True
Is 1460075509 a composite number?
False
Is 822064043 prime?
False
Is 2799025049 prime?
False
Is 4850328053 prime?
False
Is 18056416967 a composite number?
False
Is 1539302299 prime?
True
Is 4222411993 a prime number?
False
Is 221256107 composite?
True
Is 350812811 a prime number?
False
Is 11744756377 composite?
True
Is 18171812713 a prime number?
False
Is 113555887 composite?
True
Is 20467067237 a composite number?
False
Is 148629563 prime?
True
Is 7230958067 prime?
True
Is 7114653239 composite?
False
Is 841015651 a prime number?
False
Is 309759547 a composite number?
True
Is 600580997 a composite number?
True
Is 1530048931 prime?
True
Is 378456572287 composite?
True
Is 2544666917 a composite number?
True
Is 761321947 a prime number?
False
Is 17970970574 prime?
False
Is 14020200851 prime?
True
Is 29838422837 composite?
True
Is 16068378647 a prime number?
False
Is 13337167577 a composite number?
False
Is 271221399127 composite?
True
Is 9199789 a prime number?
True
Is 852066433 composite?
True
Is 814100377 a composite number?
False
Is 270368820751 a composite number?
False
Is 29585614621 composite?
True
Is 242247553 a prime number?
True
Is 252400661 a composite number?
False
Is 5092478927 composite?
True
Is 2288829707 composite?
False
Is 39036738409 prime?
False
Is 3335601623 a composite number?
True
Is 2033565641 composite?
False
Is 2857381711 a composite number?
False
Is 361760129 prime?
False
Is 2736545563 a composite number?
False
Is 1833184229 prime?
True
Is 5239352351 a prime number?
False
Is 469656283 a prime number?
True
Is 177810887 a prime number?
True
Is 20544547 composite?
False
Is 1259930873 prime?
True
Is 331256707 a prime number?
False
Is 1507345547 composite?
False
Is 3034976027 a prime number?
True
Is 1719361577 a prime number?
True
Is 8139091489 prime?
False
Is 22032338557 composite?
True
Is 7418589017 composite?
True
Is 875998463 composite?
False
Is 624620759 prime?
False
Is 12552057667 a prime number?
False
Is 26286411421 prime?
True
Is 1904843099 a composite number?
False
Is 5957665535 composite?
True
Is 1064033813 a prime number?
False
Is 84143933 a prime number?
False
Is 43775886293 prime?
True
Is 1408999079 prime?
False
Is 15396439609 prime?
False
Is 759673289 prime?
True
Is 1055754005 a prime number?
False
Is 5499363605 composite?
True
Is 1418563267 composite?
True
Is 3495447161 a composite number?
False
Is 3981418069 a composite number?
False
Is 16355258219 composite?
False
Is 52115881 prime?
True
Is 7617843773 composite?
False
Is 1185199339 a prime number?
False
Is 3270032237 a prime number?
False
Is 32730498253 a composite number?
True
Is 1307332043 composite?
True
Is 159793279123 a composite number?
False
Is 150303971 prime?
False
Is 7511490677 a composite number?
False
Is 2068393889 composite?
False
Is 43959938261 prime?
True
Is 127531337 prime?
True
Is 56885482261 prime?
False
Is 2602905119 composite?
True
Is 3231073427 prime?
True
Is 180975299 a prime number?
True
Is 5421226081 composite?
False
Is 319966649 composite?
True
Is 31140026849 a composite number?
False
Is 19688848787 composite?
False
Is 491903777 a prime number?
True
Is 145143288899 a prime number?
False
Is 15244761023 prime?
True
Is 1744888387 a composite number?
True
Is 1305502391 a composite number?
False
Is 418006409 prime?
True
Is 182995723 a prime number?
False
Is 13068047 a prime number?
False
Is 485533091 a prime number?
False
Is 4940040787 composite?
True
Is 11062445803 prime?
True
Is 3194412967 composite?
True
Is 4091317315 a composite number?
True
Is 3886365011 composite?
False
Is 57785271499 a prime number?
False
Is 793584167 a prime number?
False
Is 966694 a prime number?
False
Is 953715911 composite?
False
Is 13119730187 a composite number?
True
Is 2086362823 composite?
False
Is 3412533265 a composite number?
True
Is 563645903 prime?
False
Is 2458767959 prime?
False
Is 8762685137 a prime number?
True
Is 17513088907 a composite number?
False
Is 1111260091 prime?
True
Is 173932183 composite?
True
Is 1097643991 composite?
True
Is 56326186481 a composite number?
True
Is 107386541 a composite number?
False
Is 7586620201 a prime number?
True
Is 2712818807 composite?
False
Is 1164441417 composite?
True
Is 10055895767 a prime number?
True
Is 57941869 prime?
False
Is 3087191141 composite?
True
Is 11923154015 composite?
True
Is 399130987 a composite number?
False
Is 179176345001 a prime number?
True
Is 2094296201 prime?
False
Is 221090682245 a prime number?
False
Is 298066579 a composite number?
True
Is 3610021739 a composite number?
False
Is 13607598007 a composite number?
True
Is 32651598319 a prime number?
True
Is 671306205851 a composite number?
False
Is 4184497739 composite?
False
Is 121809603707 a prime number?
False
Is 207196349003 a composite number?
True
Is 105412235091 prime?
False
Is 21974462749 a prime number?
False
Is 404866031 a composite number?
False
Is 2043998917 composite?
True
Is 876132143 composite?
True
Is 1382905957 composite?
True
Is 8908269511 a composite number?
True
Is 386164747 composite?
False
Is 925146541 composite?
True
Is 212138207 prime?
False
Is 1669442765 prime?
False
Is 371470739 a composite number?
False
Is 450936